*r + 35, 6*z - 11 = z - 3*r. Suppose 3*i + 30 = 2*o, -2*i - z*o = 3*i + 50. What is the units digit of (-274)/i - 10/25?
7
Let m(k) = -30*k - 105. What is the hundreds digit of m(-38)?
0
Suppose 0 = -4*f + 5*f + 5*i + 155, -5*f - 5*i = 675. Let t = -73 - f. What is the tens digit of t?
5
Suppose 20*f + 220 = 25*f. What is the units digit of f?
4
Suppose f = 5*p + 2*f - 276, 5*f + 20 = 0. Suppose -p*x + 68 = -52*x. What is the units digit of x?
7
Let h = 164 - 115. Let a = h - -108. What is the hundreds digit of a?
1
Let o = 5 + 10. Let g(y) = -2*y**2 + 6*y - 7. Let l be g(5). What is the units digit of o/(l/(-6) - 3)?
0
Suppose -22*l + 7*l = -10575. What is the tens digit of l?
0
Let y be (0 - -5)/(75/30). Suppose -a + 5*n + 157 = 0, -y*a - 4*n = -n - 327. What is the hundreds digit of a?
1
Suppose -2*s - 102 = 580. Let r = s + 491. What is the units digit of r?
0
Let f = -7 - -10. Suppose -f = d - 2*d. Suppose -d*c - 72 = -7*c. What is the units digit of c?
8
Let u be 1*(6 + (-5)/(-5)). Let c = -3 + u. Suppose -c*m + 242 + 38 = 0. What is the units digit of m?
0
Let y(o) = 1154*o + 505. What is the tens digit of y(3)?
6
Let h be 1/2 - 2/(-4). What is the units digit of 4*(h + 62/8)?
5
Let g(p) = -2 + 2*p**2 - 2 - p**2. Suppose 4*f + 12 = 7*f. What is the tens digit of g(f)?
1
Suppose 5*g - 130 = j, j + 3*g + 2*g + 80 = 0. Let v = j - -262. What is the tens digit of v?
5
Suppose -2672 = 7*j - 8013. What is the units digit of j?
3
Let j = -62 + 151. Suppose -h = -j + 14. What is the units digit of h?
5
Let y(n) = -n**3 - 7*n**2 - 6*n + 4. Let l be y(-6). Let j(q) = 0*q**2 + q + 69 + 0*q + q**2 - 67. What is the tens digit of j(l)?
2
Suppose 5*i = -0*i - 5. What is the tens digit of 1 + i + 558/9?
6
Let r(b) = b**2 + 6. Let x be r(0). Suppose -x*w + 2*w + 480 = -2*f, -3*w = f - 350. What is the units digit of w?
8
Suppose -h = n - 1420 - 1195, 2612 = n + 2*h. What is the hundreds digit of n?
6
Suppose 0 = -3644*v + 3645*v - 6319. What is the tens digit of v?
1
Suppose 0 = -4*i + 4*w + 640, -2*w = 4*i + 2*w - 624. What is the hundreds digit of i?
1
Let c = -6 + 8. Suppose -m = -c*m + 41. Suppose 3*f - 31 = m. What is the tens digit of f?
2
Let k(j) = -2*j + 12. Let s be k(5). Suppose 76 = s*d + 5*q - 101, 150 = 2*d - 4*q. Let l = -52 + d. What is the tens digit of l?
2
Let m(s) = -5*s**3 + s**2 - 1. Suppose 0 = -4*x + x - 3. Let z be m(x). Suppose 5*u = -z*g + 165, -g - 3*u + 31 = 6. What is the units digit of g?
7
Suppose 6*l + 8 = 2*l. Let h = l + 9. Let g = 0 + h. What is the units digit of g?
7
Let x = -104 + 308. What is the tens digit of x?
0
Suppose 5*z - 2939 + 124 = 0. What is the units digit of z?
3
Suppose 2*y + 200 = n, 3*n = -4*y - 51 + 631. Let g = n + -59. What is the tens digit of g?
3
Let a be (0 - 0)*(-1)/(-2). Let h(v) = -v + 38. What is the units digit of h(a)?
8
Suppose l = 2*l - 66. What is the units digit of l/10 + 14/35?
7
What is the tens digit of ((-3088)/(-5))/((30/25)/6)?
8
Suppose -2*v + v = 7. Let r = v - -6. What is the units digit of (r/1)/(7/(-469))?
7
Suppose 10*x - 3*x = -98. What is the units digit of ((-7)/x)/((-1)/(-178))?
9
Suppose 0 = 3*j - 2*j - m, 5*j - 16 = m. Let o be j/(-6) - (-17)/3. Suppose -4*z - 4*d + 0 = -160, -3*z = -o*d - 128. What is the units digit of z?
1
Let f(x) = 0 - 3 + 6 - 12*x**3 + 10*x**3 - 3*x. What is the tens digit of f(-3)?
6
Suppose -17*n - 1529 = -6952. What is the tens digit of n?
1
Let a = 846 + -233. What is the tens digit of a?
1
Let v be -6*(0 - (-1 + -1)). Let g be 5/(20/v) + -52. Let h = -21 - g. What is the units digit of h?
4
What is the hundreds digit of -1*((-7)/(-14) + 24885/(-10))?
4
Let n(g) = 21*g**3 - 3*g**2 + 3*g. Let b be n(2). Suppose -r - b = -3*r. What is the tens digit of r?
8
Let q = 548 + -341. What is the tens digit of q?
0
Let b = 50 - 39. Suppose -b = -6*g + 1. What is the units digit of g?
2
Let c(w) = -221*w + 82. What is the units digit of c(-6)?
8
Suppose j + o + 8 + 3 = 0, 2*o + 35 = -3*j. Let h = j - -39. What is the tens digit of h/(-4)*(1 - 7)?
3
Suppose 0 = -2*k + 5*f + 3511, -2 - 13 = -3*f. What is the tens digit of k?
6
Let a = 653 + -333. What is the units digit of a?
0
Suppose 0 = 5*z - 4*h - 127, 0 = 4*z + 2*h - 0*h - 112. Let t = z + -60. What is the tens digit of (-3)/9*-9 - t?
3
Suppose -7 = h - 5. Let s be 71/(h/((-8)/4)). Suppose 0 = -5*q + 4*v + s - 16, 0 = -5*v. What is the units digit of q?
1
Let z(j) = j**3 - 8*j**2 - 46*j + 104. What is the hundreds digit of z(16)?
4
Let k = 165 + -144. What is the tens digit of 1209/7 + 5 + 6/k?
7
What is the tens digit of (-9669)/(-19) - (-18)/171?
0
Let j = 33 + -28. Suppose -5*v + 4*v = -5*w + 261, 3*v + 263 = j*w. What is the tens digit of w?
5
Suppose 0 = 5*y - 126 - 639. Suppose y = 8*t - 111. What is the tens digit of t?
3
Let n be (-16)/24 - (-100)/6. Suppose n = 4*u, -3*i - 5*u + 3 + 5 = 0. What is the units digit of -3 + 2/i*-12?
3
Let i(m) = 66*m**2 + 37*m + 137. What is the tens digit of i(-4)?
4
Suppose 0 = -7*d + 6 + 1. What is the hundreds digit of 0 + 3 + 109 + d?
1
Let m(z) = -10*z. Let h be m(-3). Let t = -25 + h. What is the units digit of t?
5
Suppose 13*t - 876 = 12*t. What is the tens digit of t?
7
Suppose 0 = -4*b + b. Suppose b*j + 6 = 3*j. Suppose y = j*q - 43, 5*q + 7*y - 2*y - 115 = 0. What is the tens digit of q?
2
Let v be (-1 - 0)*(-35 - 4). Let j = 16 + -4. Suppose -n = -v - j. What is the tens digit of n?
5
Let q(l) = -l - 39. Let d(u) = -19. Let h(a) = -5*d(a) + 2*q(a). What is the units digit of h(7)?
3
Let z be ((-22)/55)/(1/(-10)). What is the units digit of (z/(-10))/((-3)/30)?
4
Suppose 5*d - 2*d = 2*o + 10, 3*d - 8 = o. Suppose -3*s + 108 = 4*v - 48, -186 = -4*s + d*v. What is the tens digit of s?
4
Suppose 0 = 97*p - 82*p - 990. Suppose -4*u - 3*d + 23 = 0, -u = -2*d + d + 3. Suppose p = -h + u*h. What is the units digit of h?
6
Let d(v) = 12*v**3 + 4*v**2 + 9*v + 14. What is the tens digit of d(6)?
0
What is the units digit of ((-101640)/(-240))/(2/8*2)?
7
Let q be (-9 - 1)*(-2)/(-4). Let k(w) = -w**3 - 5*w**2 - w + 5. Let u be k(q). What is the units digit of u + 3*(-4 - -3)?
7
Let r(w) = w**3 + 10*w**2 - 5*w - 22. Let z(u) = u**3 + 11*u**2 - 5*u - 21. Let g(x) = -3*r(x) + 4*z(x). What is the tens digit of g(-14)?
5
Let w be 3/(-2)*(-12)/6. What is the hundreds digit of (-8692)/(-52) + 2/(-39)*w?
1
Let u(v) be the third derivative of -v**6/120 + v**5/60 + 5*v**4/24 + v**3/2 - 17*v**2. What is the tens digit of u(-3)?
2
Let o(w) be the second derivative of w**3/6 + 15*w**2/2 + 8*w. Let b = 0 - 0. What is the tens digit of o(b)?
1
Suppose -4*r + 4*t = -1528, 761 = 2*r + 8*t - 7*t. What is the units digit of r?
1
Let s = -250 + 127. Let n = -9 - s. What is the hundreds digit of n?
1
Let c be (5 - 24)/(-1 - 0). Suppose 2*z - 2*f = 6*z - 4, 5*z - c = f. Let q = 38 - z. What is the tens digit of q?
3
Suppose 4*x + 4*g + 36 = 0, 0 = 2*x - 0*g - 4*g - 12. Let b be x/16 + 14/(-8). What is the units digit of 1/(b/(-50)) - -1?
6
Suppose 0 = -15*w + 27*w - 48. Let k(z) = -z**3 + 2*z + 1. Let m be k(-1). Suppose 0 = 2*p - w*f - 96, 3*f + m*f - 103 = -2*p. What is the tens digit of p?
5
What is the thousands digit of 1388 + 16 + 2 + 0?
1
Let f(s) = 36*s**2 + 5*s - 3. Let u be f(1). Suppose 31 + 0 = i + 5*b, 2*i + 4*b = u. What is the units digit of i?
1
Suppose -8*u = -2*u + 6. Let r = u - -9. What is the units digit of 74/14 + r/(-28)?
5
Let j(b) = -11*b + 1. What is the units digit of j(0)?
1
What is the units digit of (-4)/(-22) - (1 - (-10558)/(-11))?
9
What is the units digit of ((-3)/((-18)/228))/(1/4)?
2
Suppose -3*r = 4*x - 2377, -3869 = -3*r + 2*x - 1462. What is the tens digit of r?
9
Let o(r) = -3*r**2 - 12*r + 24. Let f be o(17). What is the units digit of f/6*-1 - (-6)/12?
5
Let h(m) = -17*m + 53. What is the hundreds digit of h(-36)?
6
Let c(i) = i**3 + 11*i**2 + 11*i + 15. Let n be c(-10). Suppose n*d = -15 + 145. Suppose -2*r = -4*v + d, 2*r + 15 = 7*r. What is the units digit of v?
8
Let q(y) = y**3 - 6*y**2 + 127*y + 46. What is the thousands digit of q(14)?
3
Let u be (0 - (3 - 2))*(-9 + 6). Suppose 432 = 2*g - d, -16*d + 13*d - 648 = -u*g. What is the units digit of g?
6
Let p = 537 - 248. What is the hundreds digit of p?
2
Let d(m) = -m**2 - 